{"id":676,"date":"2021-10-08T12:06:09","date_gmt":"2021-10-08T12:06:09","guid":{"rendered":"https:\/\/phillippbusch.de\/?page_id=676"},"modified":"2021-10-23T09:14:13","modified_gmt":"2021-10-23T09:14:13","slug":"im-wald","status":"publish","type":"page","link":"https:\/\/phillippbusch.de\/?page_id=676","title":{"rendered":"IM WALD"},"content":{"rendered":"\n<h2 class=\"wp-block-heading\">IM WALD<\/h2>\n\n\n<div style=\"position:relative; width:1px; min-width:100%; padding-bottom:56.25%\"><iframe allow=\"autoplay\" class=\"spotlightr\" allowtransparency=\"true\" style=\"width:1px; min-width:100%; height: 100%; position:absolute\" allowfullscreen=\"true\" src=\"https:\/\/phillippbusch.cdn.spotlightr.com\/watch\/MTE3ODgzMg==?fallback=true\" frameborder=\"0\" scrolling=\"no\" name=\"videoPlayerframe\"> <\/iframe><\/div>\n\n\n<p>Dieses Video entstand ohne konkreten Auftrag k\u00f6nnte aber unter dem Motto &#8222;Hier k\u00f6nnte ihre Werbung stehen&#8220; laufen. <\/p>\n\n\n\n<p>Dieses Video f\u00e4ngt die ganz besondere Stimmung an diesem Tag bei einem Streifzug mit Freunden durch den Schneeberger Wald ein.<\/p>\n\n\n\n<p>Kamera \/ Schnitt: Phillipp Busch <\/p>\n\n\n\n<p>Zu sehen: Joshua Schadt  <\/p>\n\n\n\n<p><\/p>\n\n\n\n<p><\/p>\n\n\n\n<p><\/p>\n","protected":false},"excerpt":{"rendered":"<p>IM WALD Dieses Video entstand ohne konkreten Auftrag k\u00f6nnte aber unter dem Motto &#8222;Hier k\u00f6nnte ihre Werbung stehen&#8220; laufen. Dieses Video f\u00e4ngt die ganz besondere Stimmung an diesem Tag bei einem Streifzug mit Freunden durch den Schneeberger Wald ein. Kamera \/ Schnitt: Phillipp Busch Zu sehen: Joshua Schadt<\/p>\n","protected":false},"author":1,"featured_media":0,"parent":1388,"menu_order":0,"comment_status":"closed","ping_status":"closed","template":"","meta":{"spay_email":"","footnotes":""},"class_list":["post-676","page","type-page","status-publish","hentry","entry"],"_links":{"self":[{"href":"https:\/\/phillippbusch.de\/index.php?rest_route=\/wp\/v2\/pages\/676","targetHints":{"allow":["GET"]}}],"collection":[{"href":"https:\/\/phillippbusch.de\/index.php?rest_route=\/wp\/v2\/pages"}],"about":[{"href":"https:\/\/phillippbusch.de\/index.php?rest_route=\/wp\/v2\/types\/page"}],"author":[{"embeddable":true,"href":"https:\/\/phillippbusch.de\/index.php?rest_route=\/wp\/v2\/users\/1"}],"replies":[{"embeddable":true,"href":"https:\/\/phillippbusch.de\/index.php?rest_route=%2Fwp%2Fv2%2Fcomments&post=676"}],"version-history":[{"count":14,"href":"https:\/\/phillippbusch.de\/index.php?rest_route=\/wp\/v2\/pages\/676\/revisions"}],"predecessor-version":[{"id":1802,"href":"https:\/\/phillippbusch.de\/index.php?rest_route=\/wp\/v2\/pages\/676\/revisions\/1802"}],"up":[{"embeddable":true,"href":"https:\/\/phillippbusch.de\/index.php?rest_route=\/wp\/v2\/pages\/1388"}],"wp:attachment":[{"href":"https:\/\/phillippbusch.de\/index.php?rest_route=%2Fwp%2Fv2%2Fmedia&parent=676"}],"curies":[{"name":"wp","href":"https:\/\/api.w.org\/{rel}","templated":true}]}}