{"id":1135,"date":"2021-10-10T20:35:11","date_gmt":"2021-10-10T20:35:11","guid":{"rendered":"https:\/\/phillippbusch.de\/?page_id=1135"},"modified":"2021-10-25T09:25:02","modified_gmt":"2021-10-25T09:25:02","slug":"about","status":"publish","type":"page","link":"https:\/\/phillippbusch.de\/?page_id=1135","title":{"rendered":"ABOUT"},"content":{"rendered":"\n<div class=\"wp-block-columns alignwide is-layout-flex wp-container-core-columns-is-layout-9d6595d7 wp-block-columns-is-layout-flex\">\n<div class=\"wp-block-column is-layout-flow wp-block-column-is-layout-flow\" style=\"flex-basis:33.33%\">\n<h2 class=\"wp-block-heading\">Phillipp Busch<\/h2>\n<\/div>\n\n\n\n<div class=\"wp-block-column is-layout-flow wp-block-column-is-layout-flow\" style=\"flex-basis:33.33%\">\n<p>Nach meinem ersten Studium der Sozialwissenschaften gab ich der Kreativit\u00e4t nach und mein Lebensmittelpunkt&nbsp;verlagerte sich vom S\u00fcden&nbsp;Deutschlands ins Erzgebirge,&nbsp;genauer gesagt nach Schneeberg, um an der Angewandeten Kunst Schneeberg (WHZ) Gestaltung, M\u00f6bel- und Produktdesign zu studieren. <\/p>\n\n\n\n<p>W\u00e4hrend meines Studiums absolvierte ich ein sechsmonatiges Praktikum bei der dreiform GmbH in K\u00f6ln, f\u00fcr welche ich auch nach Praktikumsende weiter als Freelancer arbeitete. <\/p>\n\n\n\n<p>Mein Fokus lag sowohl im Studium als auch im Praktikum darauf technisch anspruchsvolle, \u00e4sthetische Objekte zu entwickeln. Dazu fokussierte ich mich immer mehr auf Ausstellungsgestaltung. <\/p>\n\n\n\n<p>Kontakt: <\/p>\n\n\n\n<p>Tel. 0173\/2679260 <\/p>\n\n\n\n<p>Mail: <a href=\"mailto:phillippbusch@gmail.com\">phillippbusch@gmail.com<\/a><\/p>\n\n\n\n<p><\/p>\n<\/div>\n\n\n\n<div class=\"wp-block-column is-layout-flow wp-block-column-is-layout-flow\" style=\"flex-basis:33.33%\">\n<figure class=\"wp-block-image size-full\"><img decoding=\"async\" width=\"600\" height=\"600\" src=\"https:\/\/i0.wp.com\/phillippbusch.de\/wp-content\/uploads\/2021\/10\/Zeichenflache-7-Kopie-3.png?resize=600%2C600&#038;ssl=1\" alt=\"\" class=\"wp-image-1136\" srcset=\"https:\/\/i0.wp.com\/phillippbusch.de\/wp-content\/uploads\/2021\/10\/Zeichenflache-7-Kopie-3.png?w=600&amp;ssl=1 600w, https:\/\/i0.wp.com\/phillippbusch.de\/wp-content\/uploads\/2021\/10\/Zeichenflache-7-Kopie-3.png?resize=300%2C300&amp;ssl=1 300w, https:\/\/i0.wp.com\/phillippbusch.de\/wp-content\/uploads\/2021\/10\/Zeichenflache-7-Kopie-3.png?resize=150%2C150&amp;ssl=1 150w\" sizes=\"(max-width: 600px) 100vw, 600px\" data-recalc-dims=\"1\" \/><\/figure>\n<\/div>\n<\/div>\n","protected":false},"excerpt":{"rendered":"<p>Phillipp Busch Nach meinem ersten Studium der Sozialwissenschaften gab ich der Kreativit\u00e4t nach und mein Lebensmittelpunkt&nbsp;verlagerte sich vom S\u00fcden&nbsp;Deutschlands ins Erzgebirge,&nbsp;genauer gesagt nach Schneeberg, um an der Angewandeten Kunst Schneeberg (WHZ) Gestaltung, M\u00f6bel- und Produktdesign zu studieren. W\u00e4hrend meines Studiums absolvierte ich ein sechsmonatiges Praktikum bei der dreiform GmbH in K\u00f6ln, f\u00fcr welche ich auch<a class=\"more-link\" href=\"https:\/\/phillippbusch.de\/?page_id=1135\"><span class=\"screen-reader-text\">&#8222;ABOUT&#8220;<\/span> weiterlesen<\/a><\/p>\n","protected":false},"author":1,"featured_media":0,"parent":1388,"menu_order":0,"comment_status":"closed","ping_status":"closed","template":"","meta":{"spay_email":"","footnotes":""},"class_list":["post-1135","page","type-page","status-publish","hentry","entry"],"_links":{"self":[{"href":"https:\/\/phillippbusch.de\/index.php?rest_route=\/wp\/v2\/pages\/1135","targetHints":{"allow":["GET"]}}],"collection":[{"href":"https:\/\/phillippbusch.de\/index.php?rest_route=\/wp\/v2\/pages"}],"about":[{"href":"https:\/\/phillippbusch.de\/index.php?rest_route=\/wp\/v2\/types\/page"}],"author":[{"embeddable":true,"href":"https:\/\/phillippbusch.de\/index.php?rest_route=\/wp\/v2\/users\/1"}],"replies":[{"embeddable":true,"href":"https:\/\/phillippbusch.de\/index.php?rest_route=%2Fwp%2Fv2%2Fcomments&post=1135"}],"version-history":[{"count":17,"href":"https:\/\/phillippbusch.de\/index.php?rest_route=\/wp\/v2\/pages\/1135\/revisions"}],"predecessor-version":[{"id":1871,"href":"https:\/\/phillippbusch.de\/index.php?rest_route=\/wp\/v2\/pages\/1135\/revisions\/1871"}],"up":[{"embeddable":true,"href":"https:\/\/phillippbusch.de\/index.php?rest_route=\/wp\/v2\/pages\/1388"}],"wp:attachment":[{"href":"https:\/\/phillippbusch.de\/index.php?rest_route=%2Fwp%2Fv2%2Fmedia&parent=1135"}],"curies":[{"name":"wp","href":"https:\/\/api.w.org\/{rel}","templated":true}]}}